of 42 and 2338.
14
Calculate the greatest common divisor of 26 and 218426.
26
Calculate the highest common factor of 6 and 8398.
2
What is the greatest common divisor of 2418 and 138?
6
Calculate the greatest common divisor of 1674075 and 303.
303
What is the highest common factor of 575 and 5225?
25
Calculate the highest common factor of 45744 and 6.
6
What is the greatest common factor of 3634 and 15642?
158
What is the highest common factor of 91688 and 438?
146
What is the highest common divisor of 2108180 and 1840?
460
Calculate the highest common factor of 351 and 1539.
27
Calculate the greatest common divisor of 148580 and 52670.
230
Calculate the greatest common factor of 90170 and 61060.
710
What is the highest common divisor of 369740 and 38?
38
What is the highest common factor of 2476887 and 8295?
1659
What is the highest common divisor of 7 and 311759?
7
Calculate the highest common factor of 3791 and 1394.
17
What is the highest common divisor of 8725 and 7675?
25
Calculate the highest common factor of 130 and 104195.
65
Calculate the highest common factor of 717900 and 108.
12
Calculate the greatest common factor of 310 and 4790.
10
Calculate the greatest common divisor of 207 and 291105.
9
What is the greatest common divisor of 47241 and 9309?
87
What is the greatest common divisor of 49198 and 136?
34
What is the greatest common factor of 372 and 13950?
186
Calculate the greatest common factor of 365040 and 2088.
72
Calculate the highest common factor of 752437 and 85.
17
What is the greatest common divisor of 129 and 5043?
3
Calculate the greatest common factor of 2490 and 1290.
30
What is the greatest common divisor of 1820 and 1040?
260
What is the greatest common factor of 181292 and 244?
244
What is the greatest common divisor of 2780 and 625?
5
What is the greatest common divisor of 48 and 129664?
16
What is the highest common divisor of 81589 and 83?
83
Calculate the highest common factor of 8929 and 13.
1
Calculate the greatest common divisor of 93456 and 10089.
531
Calculate the greatest common divisor of 9045 and 189141.
201
What is the highest common factor of 26533 and 1014?
169
Calculate the greatest common factor of 40967 and 5193.
577
Calculate the greatest common factor of 5346 and 15510.
66
Calculate the greatest common factor of 31924 and 621.
23
What is the greatest common divisor of 71901 and 2403?
27
Calculate the highest common factor of 2380 and 2377025.
595
Calculate the greatest common divisor of 394669 and 11.
11
Calculate the greatest common factor of 32956 and 1540.
308
What is the highest common factor of 5278768 and 712?
712
What is the highest common divisor of 20881 and 14?
7
Calculate the highest common divisor of 221 and 68861.
13
Calculate the greatest common factor of 145 and 23585700.
145
Calculate the highest common divisor of 186 and 8316804.
186
Calculate the highest common factor of 5633298 and 198.
198
What is the highest common factor of 1317508 and 2724?
908
Calculate the highest common divisor of 301547 and 302.
151
What is the highest common factor of 85 and 360298?
17
Calculate the greatest common divisor of 4572 and 174244.
508
Calculate the greatest common divisor of 604 and 11828132.
604
Calculate the greatest common factor of 420 and 2300.
20
Calculate the greatest common divisor of 37970 and 40.
10
What is the greatest common factor of 1359 and 387?
9
Calculate the highest common divisor of 34 and 500191.
17
What is the highest common divisor of 157812 and 24?
12
Calculate the greatest common factor of 1617518 and 868.
434
Calculate the greatest common divisor of 11532 and 319548.
372
Calculate the greatest common divisor of 270134 and 124.
62
Calculate the highest common factor of 156776 and 8.
8
What is the greatest common factor of 210 and 1596630?
210
What is the highest common factor of 1469439 and 258?
129
What is the highest common divisor of 2497692 and 12?
12
Calculate the greatest common factor of 11346 and 20984.
122
What is the greatest common factor of 174233 and 25160?
629
What is the highest common divisor of 130 and 48650?
10
What is the greatest common divisor of 340 and 1054?
34
Calculate the greatest common divisor of 183403 and 11.
11
Calculate the greatest common factor of 98 and 12691.
49
What is the highest common divisor of 4260 and 1136?
284
Calculate the highest common divisor of 723 and 1575417.
723
What is the highest common factor of 4515138 and 18?
18
Calculate the greatest common divisor of 1320 and 16357.
11
What is the greatest common factor of 14 and 3821398?
14
What is the greatest common factor of 85892 and 436?
436
Calculate the greatest common divisor of 2640 and 760.
40
What is the highest common divisor of 356775 and 355?
355
What is the highest common divisor of 707454 and 1188?
594
Calculate the greatest common divisor of 92496 and 47.
47
Calculate the greatest common divisor of 68 and 113084.
68
What is the greatest common factor of 192 and 8952?
24
What is the greatest common factor of 287454 and 138?
138
What is the highest common divisor of 2418 and 22506?
186
What is the greatest common divisor of 88 and 43868?
44
What is the greatest common factor of 161949 and 1332?
111
What is the greatest common factor of 29223 and 612?
153
Calculate the highest common divisor of 4 and 41506.
2
What is the greatest common factor of 446803 and 58?
29
Calculate the greatest common divisor of 672401 and 74.
37
What is the greatest common factor of 27 and 528885?
9
Calculate the highest common factor of 52 and 11908.
52
What is the highest common divisor of 51 and 992613?
51
Calculate the greatest common factor of 4915476 and 36.
36
Calculate the highest common factor of 264 and 136.
8
What is the highest common divisor of 15680 and 2450?
490
What is the highest common factor of 2448 and 282024?
72
What is the greatest common divisor of 1090418 and 13916?
994
Calculate the highest common factor of 4152 and 67124.
692
Calculate the highest common divisor of 282451 and 117.
13
Calculate the highest common factor of 10795 and 765.
85
Calculate the highest common divisor of 1510 and 1270.
10
What is the greatest common divisor of 6120 and 391?
17
Calculate the greatest common factor of 4565 and 75281.
83
Calculate the greatest common factor of 32109 and 84.
21
What is the highest common divisor of 7414 and 1430?
22
Calculate the greatest common factor of 81 and 2025.
81
Calculate the highest common divisor of 1668 and 196268.
556
Calculate the highest common divisor of 13145410 and 290.
290
What is the highest common factor of 114 and 12918?
6
Calculate the highest common factor of 10951 and 233.
233
What is the highest common factor of 510 and 7995?
15
What is the greatest common factor of 4 and 228442?
2
Calculate the greatest common divisor of 40894 and 762.
254
Calculate the greatest common factor of 52 and 2500.
4
What is the highest common divisor of 15330 and 1680?
210
What is the greatest common divisor of 42 and 1869?
21
Calculate the greatest common factor of 77 and 78925.
77
What is the highest common divisor of 21 and 681303?
21
Calculate the highest common factor of 18907 and 2555.
511
What is the highest common factor of 104 and 9347?
13
Calculate the greatest common factor of 2600 and 444275.
325
What is the greatest common divisor of 18 and 383517?
9
Calculate the greatest common divisor of 2806 and 36294.
46
What is the highest common divisor of 637 and 6552?
91
What is the greatest common divisor of 2142 and 45594?
306
What is the highest common factor of 199 and 152235?
199
Calculate the greatest common factor of 497 and 2807.
7
What is the highest common factor of 28113 and 84?
3
Calculate the highest common divisor of 24 and 1704.
24
Calculate the highest common factor of 105 and 1443813.
21
Calculate the highest common factor of 14 and 2232034.
14
Calculate the highest common factor of 6138 and 1457.
31
What is the greatest common divisor of 20880 and 873?
9
Calculate the highest common factor of 128820 and 22.
2
Calculate the highest common factor of 31811 and 1391.
13
Calculate the greatest common factor of 11 and 255343.
11
What is the highest common divisor of 124 and 128?
4
What is the highest common factor of 4749 and